be g(-8). Let b(t) = -5*t**2 - 2*t + 0*t + u*t**2 + 5 - t. Give b(4).
9
Let f(i) = 2*i**2 + i + 3*i + 6 - i**3 + 4*i**2 - 2*i**2. Give f(5).
1
Let t = 19 + -16. Let n(q) = q - 3. What is n(t)?
0
Let n(k) = k**3 - 8*k**2 + 2*k - 7. Let t be n(8). Let r(f) = t*f**2 - 2 - 5*f**2 + f - 2*f**2. Let b(w) = 2*w**2 + 2*w - 2. Let h be b(-2). What is r(h)?
8
Suppose 4*j + 5 = o, 4*j + 4*o = 22 - 2. Let f = 4 - 8. Let q(t) = -5*t - 6. Let p(d) = -6*d - 7. Let a(r) = f*p(r) + 5*q(r). Give a(j).
-2
Let f = -47 - -52. Let w(z) be the first derivative of f*z + 1/2*z**2 + 4 - 5/3*z**3 + 1/4*z**4. Give w(4).
-7
Let w(s) = 5*s + 4. Let p(k) = 16*k + 13. Let m(x) = 2*p(x) - 7*w(x). What is m(-4)?
10
Let p = -6 + 18. Let o be p/12 - (8 + 1). Let d(y) = -y**2 - 9*y - 4. What is d(o)?
4
Let j(o) = -15*o**3 - 11*o**2 + 7*o + 2. Let m(g) = -7*g**3 - 6*g**2 + 4*g + 1. Let i(l) = -4*j(l) + 7*m(l). Determine i(1).
12
Let s = 39 + -41. Let o(y) = 4*y + 1. Give o(s).
-7
Let m(a) = 2 - a - 1 + 2*a**2 - a**2 - 2*a. Let p = 5 - 1. Calculate m(p).
5
Let z(a) = -4 + a**3 - 2*a**2 + 6 + 8*a - 9*a. Determine z(2).
0
Let f be 0 - (5 + -3 + -5). Let q(b) = -f*b - 3*b - 7*b**2 + 6*b. Determine q(1).
-7
Suppose -7 = 3*w - 55. Suppose 3*m = -m + w. Let h(u) = -u + 3 - 6*u**2 + 2*u**3 + 6*u - u**3. Determine h(m).
-9
Let w(x) = 6*x - 26. Let n be w(4). Let v(g) = -5*g - 2. What is v(n)?
8
Let v(m) = m**3 - 4*m**2 - 2. Let w(g) = -g**3 + 3*g**2 + 1. Let j(h) = 5*v(h) + 6*w(h). Let s be 26/(-8) - (-1)/4. What is j(s)?
5
Let w(i) = 4*i + 5. Let b(q) = 2*q - 18. Let c be b(7). Give w(c).
-11
Let j(a) be the first derivative of a**5/20 - a**4/3 - 5*a**3/6 + 3*a**2 - 4*a + 2. Let o(b) be the first derivative of j(b). Determine o(5).
6
Let c(u) = u**3 - 6*u**2 - 17*u + 0*u**3 + 15*u + 0*u**3 - 4. What is c(6)?
-16
Let i(n) = -n**3 + 5*n**2 - 2*n - 1. Let c be -2 + (9 - (-3)/(-1)). What is i(c)?
7
Suppose -5*p + 2*w + 4 + 10 = 0, -3*w = 3*p. Let m(u) be the first derivative of -1/4*u**4 - p + 0*u + 0*u**2 - 1/3*u**3. Determine m(-2).
4
Let k(r) = 7*r**2 + 4*r + 7. Let s(p) = -20*p**2 - 11*p - 20. Let f(g) = 17*k(g) + 6*s(g). Calculate f(4).
-9
Let z(v) = -v - 20. Let j(r) = -4. Let n(h) = -11*j(h) + 2*z(h). Let s = -823 - -827. Give n(s).
-4
Let v(s) be the third derivative of s**7/840 + s**6/90 + s**4/12 - 5*s**3/6 + 5*s**2. Let r(j) be the first derivative of v(j). Calculate r(-3).
11
Let s(a) = -2*a**2 + 3*a**2 - 4 + 4. Let h(w) = -w**3 - 2*w**2 - 3*w - 2. Let z(c) = h(c) - 2*s(c). Give z(-2).
-4
Suppose -2*l + 0*l - 10 = 0. Let a(g) be the third derivative of g**4/24 - g**3/6 + 4*g**2. Give a(l).
-6
Let m(o) = -o + 1. Let d(v) = -v**3 + 4*v**2 + 3*v + 6. Let z(j) = d(j) - 4*m(j). Give z(5).
12
Let u(r) = -7*r + 3 + r**2 + 4 + 4 - 8. Give u(7).
3
Let l be (15/12)/((-2)/8). Let t(h) = 2*h - 4. Let d be t(3). Let w(n) = -3*n - 3 + d*n + 4. Determine w(l).
6
Let s(n) be the first derivative of -2*n**2 - 8*n - 33. Give s(-8).
24
Let w(x) be the first derivative of -x**5/60 + 5*x**4/24 - 5*x**3/6 - x**2 + 1. Let u(y) be the second derivative of w(y). What is u(5)?
-5
Let w(n) = 7 + 2 - n - 1 + 7. What is w(10)?
5
Let f(y) = y**2 + 3*y - 3. Suppose 3*c = -w + 14, -3*w = -c - 8 - 4. Suppose -6*n = -n + 2*j + 5, c*j - 21 = 2*n. Give f(n).
-3
Let k(i) = -i + 1. Suppose 5*c + 3*u = 24, 5*c = -0*u + 5*u. Determine k(c).
-2
Let u = 3 - 2. Let v(c) be the second derivative of 1/2*c**2 + 0*c**4 - 2*c + 0*c**3 + 0 - 1/5*c**5. Determine v(u).
-3
Let q(u) = -1. Let c(v) = 6*v**2 + 9*v - 18. Let i(d) = -c(d) + 12*q(d). Let h(b) = -b**2 - b + 1. Let r(a) = -5*h(a) + i(a). What is r(-2)?
5
Suppose -25 = 16*o - 21*o. Let m(c) = c**3 - 6*c**2 + 2*c + 6. Calculate m(o).
-9
Suppose k + 4*k - 3*z - 45 = 0, -3*k = 4*z + 2. Let i(n) = 2*n + 1 - 5 + n**3 - 3 - k*n**2. What is i(6)?
5
Let m = 24 + -20. Let w(v) = 4*v + 5. Let y(o) = o + 1. Let n(z) = w(z) - 6*y(z). Give n(m).
-9
Let k(t) = t**3 + 12*t - 12*t - 2*t**3 + 5*t**2 - 1 - 3*t. What is k(4)?
3
Let j(g) = 2 - 7 + 2*g - 2*g + g. Give j(6).
1
Let c(n) be the second derivative of -n**4/12 + n**3/2 - 2*n**2 - 12*n. Calculate c(6).
-22
Suppose -s = 2*s - 3*y - 12, -s + 3*y + 4 = 0. Let i(v) = -5*v**2 + 10*v - 2. Let w(m) = -6*m**2 + 11*m - 1. Let a(h) = -5*i(h) + 4*w(h). What is a(s)?
-2
Let t(i) = i - 3. Suppose 0 = f - 4*y + 12, 0 = 3*f - y + 6*y - 32. What is t(f)?
1
Suppose 2*q + 20 = -3*w - 2*q, -2*q - 10 = -2*w. Suppose w = -2*p + 6. Suppose k + 11 = -4*f, f = -4*f - p*k - 19. Let c(d) = d**3 + 5*d**2 + 2*d. Give c(f).
8
Suppose 4*d = -2*m + 28, 5*d = 3*m - 8*m + 45. Suppose -5*v = -5*k - 5, -v + 0*v = m*k - 11. Let g(a) = 2*a. What is g(k)?
4
Let x(p) = -p + 3 + 2*p + 3*p - p. Suppose 0 = -2*n - 3*n + 25. Suppose 5*q - 15 = n*m, 11 = -q + 3*q - 3*m. What is x(q)?
-3
Let i(j) = 2*j**2 + 4*j - 1. Let r be i(-3). Let h(o) be the third derivative of o**4/8 + o**3/6 + 7*o**2. Calculate h(r).
16
Let j(n) = n + 13. Let f be j(-8). Let u(a) = -a**3 + 5*a**2 - 3*a + 3. What is u(f)?
-12
Suppose 6*i - i - 30 = 0. Suppose 2*w + j = i*j + 17, -2*w = 5*j + 13. Let g(x) = 0 + 3*x**3 + 3*x**3 + 0 - 1. Calculate g(w).
5
Suppose -2*v + 2*x + 26 = 0, -v + 8 + 20 = -4*x. Let n = -6 + v. Let f(h) = h**n + 0*h**3 - h**3 - 4*h**2 - 4. Determine f(-3).
-4
Let p(q) = -2*q - 3. Let s = -104 - -149. Suppose 0 = 2*h + 3*h - s. Let k be (h/(-6))/((-1)/(-2)). Calculate p(k).
3
Let s(x) = -3*x. Let n be 18/2*4/6. Let b = 7 - n. Give s(b).
-3
Let x(u) = 4*u**3 + 11*u**2 + 11*u - 10. Let y(w) = -5*w**3 - 12*w**2 - 13*w + 10. Let s(j) = -4*x(j) - 3*y(j). What is s(-7)?
-4
Let k be ((-50)/(-15))/(2/(-3)). Let a(w) = w**2 + 7*w + 6. Let g be a(k). Let v(y) = -5*y - 3. Give v(g).
17
Let d(o) be the third derivative of -o**5/60 + o**3/6 - 15*o**2. Let a(m) = -m + 1. Let u be a(0). Let q = -2 + u. Give d(q).
0
Let p(w) = 5*w. Let x be p(-3). Let b be (12/x)/(3/15). Let c(i) = -6*i - 4*i + 3*i - 5*i**2 - i**3 - 6 + 2. Determine c(b).
8
Let n(d) = d**2 + 5*d. Let c be -5*(1 + -2)*6/(-5). Give n(c).
6
Suppose -2*y = a - 2 - 1, 3*y - 8 = 2*a. Suppose -y*f + 11 = -5. Suppose g - f = 5*g. Let i(z) = -z**2 + z + 1. Calculate i(g).
-5
Let f(z) = 2*z - z - 2 - 2 + 2. Suppose 2 + 2 = -4*c. Let a(t) = -1. Let r(y) = c*f(y) - 5*a(y). What is r(4)?
3
Suppose -m - 1 = -3*o, 9 = 2*m + 2*o + 3. Let w(n) = 4*n + 1. What is w(m)?
9
Let k be (-4)/(-6) + 80/15. Let m = 9 - k. Let a(r) = r**2 + 0*r**2 + 5 + 2*r**3 - m*r**3. What is a(0)?
5
Let h(d) = d**3 + 7*d**2 - 8*d + 10. Suppose 0 = -5*t - a - 42, t + t + 20 = -2*a. Determine h(t).
10
Let o(a) = 5*a**3 + a. Suppose -5 - 13 = 2*l. Suppose 3*x + 0*x = 18. Let h be 6/l - (-10)/x. Give o(h).
6
Let h = -8 - -10. Suppose h*y = -5*k - 15 - 9, -k - y = 3. Let n(j) = -j + 3. Calculate n(k).
9
Let u(j) = -29 - 5*j + 6 + 8 + 12. Calculate u(-2).
7
Let t(s) = 4*s**2 + s - 1. Let w = 2 - 2. Suppose 5*a = -w*a + 25. Suppose 4*l = -l + a. Calculate t(l).
4
Suppose -3 = s + 2*y, s - 38 = -3*s + 2*y. Let n(z) = z**2 - 10*z + 2. Calculate n(s).
-19
Suppose -3*h + 15 = 3*w, 3*h + 1 = -w + 2*w. Let j(i) = 5*i**2 + i. Determine j(h).
6
Let t(c) = 2*c**2 + 4*c - 8. Let g(r) = -r**2 - 3*r + 7. Let v(f) = -3*g(f) - 2*t(f). Let a(u) = -u**3 - u**2 + 2*u. Let z be a(-2). Determine v(z).
-5
Let n(x) = x**2 - x. Let z = 5 + -5. Suppose 5*j + 4*g - g = -20, z = -3*j - 4*g - 23. Let v(u) = -u**2 - 3*u + 4. Let w(t) = j*v(t) - 2*n(t). Determine w(3).
2
Let n(t) = 4*t + 2. Let p = 12 + -10. Let c be p/7 - 12/(-7). Determine n(c).
10
Suppose -2*s = 2*s - 20. Suppose 2*m = -s*a - 0*a + 21, -4*m + 27 = -5*a. Let w = -7 + m. Let g(l) = l. What is g(w)?
1
Let l be (-189)/(-27) + 2*2/(-4). Let z(w) = -w**3 + 5*w**2 + 6*w + 1. Calculate z(l).
1
Let o be 3*6/(-6) + (0 - 2). Let d(v) = 2*v + 1. Determine d(o).
-9
Let j(p) be the first derivative of -2/3*p**3 + 0*p + 1/360*p**6 - 1/30*p**5 - 2 + 0*p**2 - 1/6*p**4. Let t(u) be the third derivative of j(u). What is t(4)?
-4
Let n be 3 + (0 - -1)/1. Let l be (-10)/(-2 + 0 + 0). Let f(j) = 5*j**2 - 4*j**2 - j + 4 - 2*j**2 + l*j. What is f(n)?
4
Let d(r) be the third derivative of 5*r**4/24 - r**3/6 - 4*r**2. Calculate d(-3).
-16
Let x(m) = m**3 + 8*m**2 + 5. Let h be x(-8). Let v(w) = -w**3 + 5*w**2. Determine v(h).
0
Suppose -3*h + 20 = h - z, -5*z 